{"id":19,"date":"2022-12-02T13:35:03","date_gmt":"2022-12-02T13:35:03","guid":{"rendered":"https:\/\/orgaconsulting.de\/?page_id=19"},"modified":"2022-12-08T08:07:33","modified_gmt":"2022-12-08T08:07:33","slug":"startseite","status":"publish","type":"page","link":"https:\/\/orgaconsulting.de\/","title":{"rendered":"Impressum"},"content":{"rendered":"\n<p><strong>Angaben gem\u00e4\u00df \u00a7 5 TMG<\/strong><\/p>\n\n\n\n<p>OrgaConsulting GmbH<br>Stadtbeker Str. 81<br>23715 Bosau<\/p>\n\n\n\n<p>Tel.: +49-162-907 9931<br>E-Mail: HJanisch@gmx.de<\/p>\n\n\n\n<p><strong>Vertreten durch<\/strong><\/p>\n\n\n\n<p>Prof. Dr.-Ing. Hans Janisch<\/p>\n\n\n\n<p><strong>Registergericht<\/strong><\/p>\n\n\n\n<p>Eintragung im Handelsregister Amtsgericht L\u00fcbeck, Registernummer: HRB 18 641 HL<\/p>\n\n\n\n<p><strong>Umsatzsteuer-ID<\/strong><\/p>\n\n\n\n<p>Umsatzsteuer-Identifikationsnummer gem\u00e4\u00df \u00a7 27 a Umsatzsteuergesetz: DE 194 313 467<\/p>\n\n\n\n<p><strong>Verantwortlich f\u00fcr den Inhalt<\/strong><\/p>\n\n\n\n<p>Prof. Dr.-Ing. Hans Janisch<br>Stadtbeker Str. 81<br>23715 Bosau<\/p>\n","protected":false},"excerpt":{"rendered":"<p>Angaben gem\u00e4\u00df \u00a7 5 TMG OrgaConsulting GmbHStadtbeker Str. 8123715 Bosau Tel.: +49-162-907 9931E-Mail: HJanisch@gmx.de Vertreten durch Prof. Dr.-Ing. Hans Janisch Registergericht Eintragung im Handelsregister Amtsgericht L\u00fcbeck, Registernummer: HRB 18 641 HL Umsatzsteuer-ID Umsatzsteuer-Identifikationsnummer gem\u00e4\u00df \u00a7 27 a Umsatzsteuergesetz: DE 194 313 467 Verantwortlich f\u00fcr den Inhalt Prof. Dr.-Ing. Hans JanischStadtbeker Str. 8123715 Bosau<\/p>\n","protected":false},"author":1,"featured_media":0,"parent":0,"menu_order":0,"comment_status":"closed","ping_status":"closed","template":"","meta":[],"_links":{"self":[{"href":"https:\/\/orgaconsulting.de\/index.php?rest_route=\/wp\/v2\/pages\/19"}],"collection":[{"href":"https:\/\/orgaconsulting.de\/index.php?rest_route=\/wp\/v2\/pages"}],"about":[{"href":"https:\/\/orgaconsulting.de\/index.php?rest_route=\/wp\/v2\/types\/page"}],"author":[{"embeddable":true,"href":"https:\/\/orgaconsulting.de\/index.php?rest_route=\/wp\/v2\/users\/1"}],"replies":[{"embeddable":true,"href":"https:\/\/orgaconsulting.de\/index.php?rest_route=%2Fwp%2Fv2%2Fcomments&post=19"}],"version-history":[{"count":6,"href":"https:\/\/orgaconsulting.de\/index.php?rest_route=\/wp\/v2\/pages\/19\/revisions"}],"predecessor-version":[{"id":65,"href":"https:\/\/orgaconsulting.de\/index.php?rest_route=\/wp\/v2\/pages\/19\/revisions\/65"}],"wp:attachment":[{"href":"https:\/\/orgaconsulting.de\/index.php?rest_route=%2Fwp%2Fv2%2Fmedia&parent=19"}],"curies":[{"name":"wp","href":"https:\/\/api.w.org\/{rel}","templated":true}]}}